8
What is the greatest common divisor of 140 and 364?
28
Calculate the highest common divisor of 1485 and 225.
45
Calculate the highest common factor of 38 and 3192.
38
What is the greatest common divisor of 100 and 180?
20
Calculate the greatest common factor of 528 and 60.
12
What is the greatest common factor of 28 and 44?
4
What is the highest common divisor of 22 and 14?
2
What is the highest common factor of 44 and 2662?
22
What is the highest common factor of 30 and 2910?
30
Calculate the greatest common factor of 138 and 1449.
69
Calculate the highest common factor of 9 and 2259.
9
What is the highest common divisor of 225 and 18?
9
Calculate the greatest common divisor of 244 and 305.
61
Calculate the greatest common factor of 2624 and 41.
41
Calculate the highest common divisor of 20 and 440.
20
Calculate the highest common divisor of 22 and 22.
22
What is the greatest common factor of 1200 and 96?
48
Calculate the greatest common factor of 70 and 4270.
70
What is the highest common divisor of 74 and 1258?
74
What is the highest common factor of 18 and 1260?
18
Calculate the highest common factor of 108 and 8154.
54
What is the highest common factor of 6 and 1128?
6
What is the greatest common factor of 581 and 332?
83
Calculate the highest common divisor of 120 and 19230.
30
Calculate the greatest common divisor of 248 and 1147.
31
Calculate the highest common factor of 1500 and 1920.
60
Calculate the greatest common divisor of 30 and 70.
10
What is the highest common divisor of 69 and 16813?
23
Calculate the greatest common divisor of 80 and 16.
16
Calculate the greatest common factor of 207 and 54.
9
Calculate the greatest common factor of 9 and 171.
9
What is the highest common factor of 164 and 82?
82
Calculate the greatest common divisor of 147 and 2401.
49
What is the greatest common factor of 11800 and 225?
25
What is the greatest common factor of 260 and 728?
52
What is the greatest common factor of 1 and 193?
1
What is the highest common divisor of 696 and 58?
58
Calculate the highest common factor of 38 and 893.
19
Calculate the highest common divisor of 396 and 1710.
18
What is the greatest common divisor of 91 and 8203?
13
What is the highest common factor of 9 and 57?
3
Calculate the highest common divisor of 11050 and 884.
442
What is the greatest common divisor of 168 and 1624?
56
What is the highest common divisor of 1376 and 215?
43
Calculate the greatest common factor of 112 and 304.
16
What is the highest common divisor of 3 and 192?
3
What is the highest common divisor of 418 and 176?
22
What is the greatest common divisor of 165 and 240?
15
Calculate the highest common divisor of 33 and 187.
11
What is the highest common divisor of 935 and 165?
55
What is the greatest common factor of 5 and 6290?
5
What is the highest common factor of 704 and 1600?
64
What is the highest common factor of 8858 and 258?
86
Calculate the greatest common factor of 117 and 153.
9
What is the highest common divisor of 352 and 88?
88
Calculate the highest common divisor of 40 and 1160.
40
What is the highest common factor of 15 and 48?
3
Calculate the greatest common factor of 1508 and 39.
13
Calculate the highest common factor of 10 and 59.
1
What is the greatest common factor of 196 and 26950?
98
Calculate the greatest common factor of 20 and 55.
5
What is the highest common factor of 37666 and 148?
74
Calculate the greatest common factor of 30 and 48390.
30
Calculate the greatest common factor of 1470 and 3038.
98
What is the highest common divisor of 6 and 20802?
6
Calculate the highest common divisor of 336 and 816.
48
Calculate the highest common divisor of 32 and 2592.
32
What is the highest common factor of 210 and 63?
21
What is the highest common divisor of 116 and 96?
4
Calculate the greatest common factor of 27379 and 209.
209
Calculate the highest common divisor of 520 and 2028.
52
What is the greatest common divisor of 204 and 2244?
204
What is the greatest common factor of 33 and 5852?
11
What is the greatest common factor of 28 and 497?
7
What is the highest common divisor of 285 and 15?
15
What is the greatest common factor of 575 and 1350?
25
Calculate the highest common divisor of 35 and 160.
5
Calculate the greatest common factor of 18 and 20673.
9
Calculate the greatest common factor of 4 and 1986.
2
Calculate the greatest common factor of 14 and 1358.
14
Calculate the greatest common factor of 95 and 1235.
95
What is the highest common factor of 5950 and 680?
170
What is the greatest common factor of 15 and 120?
15
Calculate the highest common divisor of 928 and 1334.
58
What is the greatest common factor of 47 and 1081?
47
What is the highest common factor of 38 and 11666?
38
What is the greatest common factor of 44 and 65428?
44
What is the greatest common divisor of 34 and 2074?
34
What is the highest common factor of 3190 and 66?
22
Calculate the highest common factor of 1 and 313.
1
What is the highest common factor of 1773 and 9?
9
What is the greatest common factor of 24 and 16?
8
What is the highest common factor of 406 and 1421?
203
Calculate the greatest common divisor of 265 and 24645.
265
What is the highest common factor of 928 and 32?
32
Calculate the greatest common factor of 32 and 544.
32
Calculate the highest common divisor of 196 and 147.
49
Calculate the highest common divisor of 495 and 132.
33
What is the greatest common factor of 72 and 16?
8
What is the highest common divisor of 21 and 161?
7
Calculate the greatest common factor of 400 and 160.
80
What is the highest common factor of 992 and 32?
32
Calculate the greatest common factor of 51 and 6.
3
Calculate the greatest common divisor of 8174 and 536.
134
What is the highest common factor of 132 and 84?
12
What is the highest common factor of 10 and 4010?
10
Calculate the highest common factor of 14 and 37618.
14
What is the highest common divisor of 75 and 15?
15
What is the highest common divisor of 56 and 1036?
28
Calculate the highest common divisor of 36 and 2.
2
What is the highest common factor of 679 and 1067?
97
What is the highest common factor of 63 and 2499?
21
Calculate the highest common divisor of 832 and 26.
26
Calculate the greatest common factor of 351 and 189.
27
Calculate the greatest common divisor of 562 and 4.
2
Calculate the greatest common divisor of 112 and 140.
28
What is the greatest common factor of 462 and 5214?
66
What is the highest common factor of 15 and 890?
5
Calculate the highest common divisor of 28 and 840.
28
What is the greatest common factor of 114 and 608?
38
Calculate the greatest common factor of 52 and 52.
52
What is the highest common factor of 15 and 885?
15
Calculate the greatest common divisor of 63 and 1719.
9
What is the greatest common divisor of 827 and 1?
1
Calculate the highest common factor of 175 and 63.
7
Calculate the greatest common divisor of 396 and 484.
44
Calculate the greatest common divisor of 9 and 42.
3
Calculate the greatest common divisor of 168 and 60.
12
Calculate the highest common factor of 8295 and 42.
21
What is the highest common divisor of 6 and 552?
6
Calculate the greatest common divisor of 12705 and 105.
105
What is the highest common factor of 10422 and 54?
54
Calculate the greatest common divisor of 462 and 1023.
33
What is the greatest common factor of 10 and 270?
10
What is the greatest common divisor of 1017 and 9?
9
Calculate the greatest common divisor of 124 and 558.
62
Calculate the highest common factor of 70 and 170.
10
What is the highest common divisor of 69 and 3?
3
Calculate the highest common factor of 3304 and 448.
56
What is the highest common factor of 18 and 45?
9
Calculate the highest common factor of 8 and 814.
2
Calculate the highest common factor of 488 and 64.
8
What is the greatest common factor of 4165 and 980?
245
What is the greatest common factor of 342 and 646?
38
Calculate the highest common divisor of 35 and 8365.
35
What is the greatest common divisor of 27 and 1593?
27
What is the highest common divisor of 36 and 160?
4
Calculate the greatest common factor of 52 and 572.
52
Calculate the greatest common divisor of 13 and 4.
1
What is the greatest common factor of 36 and 1926?
18
What is the greatest common factor of 20